 23, -5*q - 49 = -h. What is the remainder when h is divided by 10?
9
Let i(m) = 5*m - 13. Calculate the remainder when i(14) is divided by -3 + (22 - (-2 - -1)).
17
Suppose -3*w - 3*r + 0 = -15, -4*r + 19 = 3*w. Calculate the remainder when 7 is divided by ((-8)/(-10))/(w/5).
3
Let w be 0 + 2/(-3)*-3. Suppose 0*g - w = -2*g. Let f(n) = 25*n. Calculate the remainder when f(g) is divided by 9.
7
Suppose -a = 2*a - 24. Calculate the remainder when 29 is divided by a.
5
Let g(a) = 15*a - 1. Let j(y) = y**2 - y + 1. Let k be j(8). Let n = k + -31. What is the remainder when n is divided by g(1)?
12
Suppose 2*m - 48 = 2*u - 4*u, u = 5*m - 102. What is the remainder when 61 is divided by m?
19
Let s(w) = -w - 13. Let h be s(-15). What is the remainder when (h/6)/(4/48) is divided by 2?
0
Suppose v - c = -2*v + 25, -v = 4*c + 9. Suppose -v*z - 21 = -4*z. Let a(s) = -7*s + 6. What is the remainder when a(z) is divided by 19?
17
Let t(q) = q**3 - 8*q**2 - 9*q + 2. What is the remainder when t(9) is divided by 2?
0
Suppose -2*d = -d - 5*n - 2, -160 = -5*d - 5*n. What is the remainder when 78 is divided by d?
24
Suppose 5*l = -w - 6, 8*l - 4*w = 4*l. Let o = 32 + -13. What is the remainder when (-3 - l) + 55 + 2 is divided by o?
17
Suppose -3*d + 11 + 14 = 4*u, -5*u - d + 34 = 0. What is the remainder when 13 is divided by u?
6
Let j(w) = -w - 10. Let v be j(-10). Suppose -a + 3*a - 28 = v. Suppose -3*g - 21 + 102 = 0. Calculate the remainder when g is divided by a.
13
Let w = -13 - -28. Calculate the remainder when w is divided by 4.
3
Let t be 0/(2 + 1) - -2. Let c be (-107)/5 - t/(-5). Let h = c - -29. Calculate the remainder when 23 is divided by h.
7
Suppose -5*c = 25, c = -4*r + 3*c + 14. Calculate the remainder when 9 is divided by 7 - 3 - r/1.
0
Suppose 42 = 2*b + b. Suppose 9 = l - 4*p - b, 3*p + 27 = 4*l. Let z = -4 - -12. Calculate the remainder when z is divided by l.
2
Suppose 10 + 10 = 5*n. Let l be (-1)/(-3 - -2) - -17. Suppose 0 = -3*t + 51 - l. Calculate the remainder when t is divided by n.
3
Suppose 0 = -h + 4 + 3. Calculate the remainder when 19 is divided by h.
5
Suppose 0*n + n + 3 = 0. Let c be 16/(6/n)*-12. Suppose -2*q - 22 = -c. Calculate the remainder when q is divided by 13.
11
Let j(c) = 4*c + 7. Calculate the remainder when 41 is divided by j(2).
11
Let x be 26*-19*(-1 - -2). Let s = -272 - x. Suppose 4*a - 7*z + 5*z = s, 0 = a - 3*z - 58. What is the remainder when a is divided by 14?
13
Let m = -113 - -179. Let w be 4 + (2 - 3) - 4. Calculate the remainder when m is divided by 8 + -10 - (w - 18).
15
Suppose 2*i = 5 + 13. What is the remainder when 33 is divided by i?
6
Suppose 0 = -10*y + 3*y + 245. What is the remainder when y is divided by 6?
5
Let n = 7 + -3. Let w(r) = 4*r - 1. Let g = 9 + -7. Calculate the remainder when w(g) is divided by n.
3
Let z = -124 + 176. What is the remainder when z is divided by ((-1)/(-2))/((-9)/(-324))?
16
Let c = -8 + 42. Let d = 30 + -12. What is the remainder when c is divided by d?
16
Let x be -3 - ((-4)/2 - -4). Let i be 2/(-4)*(-1 - x). Calculate the remainder when 7 is divided by i/(-5)*(1 - -9).
3
Suppose -4*t = 5*y - 65, -2*t = -5*y + 1 - 56. What is the remainder when 77 is divided by t?
17
Let c(t) = t**2 + t - 9. Let j = 57 + -47. Calculate the remainder when c(-8) is divided by j.
7
Suppose 3*d - d - 642 = 0. Suppose 5*p = -2*q + 329, -2*p + 2*q + d = 3*p. What is the remainder when p is divided by 22?
21
Suppose 3*m + 19 = 5*w, -2*m + 2 = 3*w + 21. Let p be 0*(-2)/(-4) - 1. What is the remainder when (70/m)/(p/4) is divided by 12?
11
Suppose 2*b + 4 = -0*b. Suppose 0 = -4*o + 31 + 41. Calculate the remainder when (2 - 2*54)/b is divided by o.
17
Suppose x = -0 + 4, -312 = -4*z + x. Calculate the remainder when z is divided by ((-27)/2)/((-2)/4).
25
Let o(v) = v**3 - 5*v**2 - 6*v + 6. Let s be o(6). Let k(b) = -b**3 + 8*b**2 - 3*b - 4. What is the remainder when k(s) is divided by 17?
16
Let v = -3 + 75. What is the remainder when 31 is divided by (3/(-9))/((-3)/v)?
7
Let w = -9 - 1. What is the remainder when 37 is divided by (-26)/1*5/w?
11
Suppose -7*u = -59 - 116. Calculate the remainder when 35 is divided by u.
10
Suppose -3*d + 3 = -q - d, 4*d - 3 = 3*q. What is the remainder when 11 - q - 4/2 is divided by 2?
0
Suppose 2*t + 57 = 5*t. Calculate the remainder when 92 is divided by t.
16
Let u(p) = 5*p - 24. What is the remainder when 29 is divided by u(8)?
13
Let b(z) = -46*z - 1. Let p be b(1). Suppose -48*a + 51*a = -66. Let v = a - p. What is the remainder when v is divided by 14?
11
Suppose 0 = -3*o + 1 + 2. Suppose -y - 2 = -3*c - o, -5*y - 5*c + 75 = 0. Calculate the remainder when 41 is divided by y.
8
Let p(y) = y**2 + 3*y - 8. Let v(h) = -4*h - 4. Let s be (1 - 9) + (-1 - -4). Calculate the remainder when p(-9) is divided by v(s).
14
Let q(i) = -i**2 + 6*i - 2. Let g be q(5). Suppose 4*u - 5 = g*u. Calculate the remainder when 12 is divided by u.
2
Let q = 244 + -34. Let y = -136 + q. Calculate the remainder when y is divided by 19.
17
Let y be (4/(-6))/((-5)/15). Suppose -y*j + 0*j = -12. Calculate the remainder when 23 is divided by j.
5
Suppose -102 = 5*d + r - 282, -r = d - 32. What is the remainder when 406 is divided by d?
36
Let c(y) = -6*y**3 - y**2 - y + 2. Let q = 14 + -16. Calculate the remainder when c(q) is divided by 17.
14
What is the remainder when 79 is divided by (2 - 7/2)*-18?
25
Let d(b) = b**2 - 4*b + 2. Let u = 0 + 10. What is the remainder when d(7) is divided by u + (1 - 0) + 1?
11
Suppose 0 = -p + s + 30, -13 = -2*p + s + 48. Calculate the remainder when p is divided by 11.
9
Suppose -7 - 11 = -3*o. Calculate the remainder when (-2)/o + 1372/21 is divided by 17.
14
Let n = 65 + -29. Suppose -4*m = -h + n, -h - m = -2*m - 21. What is the remainder when 31 is divided by h?
15
Suppose -4*c - 12 = -7*c. Suppose -y - 177 = -5*m, -c*y + 2*y + 171 = 5*m. Let v(l) = 3*l**2 - l + 2. What is the remainder when m is divided by v(2)?
11
Let n be (-30)/(-8) - 2/(-8). Suppose -n*l + 1 = -3. Suppose -t + y + 31 = 0, 5*y - l = -6. Calculate the remainder when t is divided by 8.
6
Let t(j) = -5*j - 3. Let g be (-2 + 5)/((-12)/8). Calculate the remainder when t(g) is divided by (-2)/7 + (-30)/(-7).
3
Suppose 0 = 5*f + 5*f - 220. Suppose -2*v - 4*n + 85 = -n, -4*n + 86 = 2*v. Calculate the remainder when v is divided by f.
19
Suppose -11*b - 6 = -13*b. Calculate the remainder when 15 is divided by b.
0
Let a(z) = -9*z - 8. Calculate the remainder when 145 is divided by a(-5).
34
Let k = -24 + 44. Let o(t) = -2*t**2 + 3*t + 4. Let b(r) = r + 1. Let p(a) = 6*b(a) - o(a). What is the remainder when k is divided by p(-3)?
9
Let r(f) = -f**2 - 5*f + 2. Calculate the remainder when (-2)/6 - 624/(-36) is divided by r(-4).
5
Let u = -5 - -9. Suppose u*b = 3*t + 32 - 161, -2*t - 2*b = -86. Calculate the remainder when t is divided by 11.
10
Let o(b) = 2*b + 3. Let c be o(5). Let u = -2 + c. Calculate the remainder when 2/5 - (-98)/5 is divided by u.
9
Suppose -o - 2*o = 2*f - 70, 120 = 4*f + o. Let p(z) be the first derivative of z**4/4 - 10*z**3/3 + 10*z - 2. What is the remainder when f is divided by p(10)?
9
Suppose -3*w - 11 + 59 = 0. Suppose g + 3*g - 7 = a, 10 = 2*a - 2*g. Calculate the remainder when w is divided by a.
7
Let a(i) = 41 - 5*i**2 - 2*i**2 + 7*i**2 - i**2. What is the remainder when a(0) is divided by 11?
8
Let x = 100 - 49. What is the remainder when x is divided by -3*2*1*-3?
15
Calculate the remainder when 43 is divided by (-2)/(-3)*(-3 - -21).
7
Suppose 5*w - 4*r - 22 = 0, -r - 13 = -5*w + 15. Suppose 3*c - 4*h - 290 = 0, -h + 3*h + 100 = c. Calculate the remainder when (-3)/6 - c/(-4) is divided by w.
4
Calculate the remainder when 47 is divided by (-3 - 30/(-4))/(3/12).
11
Suppose 6*i = 3*i. Suppose -6 - 14 = -5*v. Suppose i = v*g + 3*p - 203, 0 = 2*g - 4*p - 63 - 11. Calculate the remainder when g is divided by 16.
15
Calculate the remainder when 115 is divided by (-562)/(-18) + ((-24)/(-27))/(-4).
22
Let j = -18 - -96. Suppose 5*n + a - 226 = 0, a = 5*n + j - 302. What is the remainder when n is divided by 23?
22
Let z(f) = 15*f**2 - 2 + 4*f - 2*f - 4*f**2. What is the remainder when z(2) is divided by (-42)/(-2) - (-7 + 4)?
22
Let